{"id":141,"date":"2013-05-30T15:23:39","date_gmt":"2013-05-30T14:23:39","guid":{"rendered":"http:\/\/06s01.schulemachtspass.de\/?page_id=141"},"modified":"2018-09-22T10:15:53","modified_gmt":"2018-09-22T09:15:53","slug":"anmeldung-2","status":"publish","type":"page","link":"https:\/\/pestalozzi-schule-berlin.de\/?page_id=141","title":{"rendered":"Information zur Anmeldung"},"content":{"rendered":"<div class=\"column-group columns-2\"><br \/>\n<div class=\"column column-number-1 column-span-1\"><p>\n<a href=\"https:\/\/pestalozzi-schule-berlin.de\/uploads\/2018\/09\/Pestalozzi-Schule_Anmeldung-tagged-2018-09.pdf\"><img loading=\"lazy\" decoding=\"async\" src=\"https:\/\/pestalozzi-schule-berlin.de\/uploads\/2018\/09\/Pestalozzi-Schule_Anmeldung-tagged-2018-09-pdf-724x1024.jpg\" alt=\"thumbnail of Pestalozzi-Schule_Anmeldung-tagged-2018-09\" width=\"724\" height=\"1024\" class=\"alignnone size-large wp-image-3379\" srcset=\"https:\/\/pestalozzi-schule-berlin.de\/uploads\/2018\/09\/Pestalozzi-Schule_Anmeldung-tagged-2018-09-pdf.jpg 724w, https:\/\/pestalozzi-schule-berlin.de\/uploads\/2018\/09\/Pestalozzi-Schule_Anmeldung-tagged-2018-09-pdf-212x300.jpg 212w\" sizes=\"auto, (max-width: 724px) 100vw, 724px\" \/><\/a><\/p>\n<\/div><br \/>\n<div class=\"column column-number-2 last column-span-1\"><p>\nDer Anmeldebogen ist ein ausf\u00fcllbares PDF-Formular, das Sie bitte herunterladen, mit ihrem PDF-Programm \u00f6ffnen und ausf\u00fcllen, anschlie\u00dfend ausdrucken, unterschreiben und bei der Anmeldung in der Schule bitte mitbringen.<\/p>\n<\/div><br \/>\n<\/div>\n","protected":false},"excerpt":{"rendered":"","protected":false},"author":3,"featured_media":0,"parent":0,"menu_order":4,"comment_status":"closed","ping_status":"closed","template":"","meta":{"ngg_post_thumbnail":0,"footnotes":"","_links_to":"","_links_to_target":""},"class_list":["post-141","page","type-page","status-publish","hentry"],"_links":{"self":[{"href":"https:\/\/pestalozzi-schule-berlin.de\/index.php?rest_route=\/wp\/v2\/pages\/141","targetHints":{"allow":["GET"]}}],"collection":[{"href":"https:\/\/pestalozzi-schule-berlin.de\/index.php?rest_route=\/wp\/v2\/pages"}],"about":[{"href":"https:\/\/pestalozzi-schule-berlin.de\/index.php?rest_route=\/wp\/v2\/types\/page"}],"author":[{"embeddable":true,"href":"https:\/\/pestalozzi-schule-berlin.de\/index.php?rest_route=\/wp\/v2\/users\/3"}],"replies":[{"embeddable":true,"href":"https:\/\/pestalozzi-schule-berlin.de\/index.php?rest_route=%2Fwp%2Fv2%2Fcomments&post=141"}],"version-history":[{"count":23,"href":"https:\/\/pestalozzi-schule-berlin.de\/index.php?rest_route=\/wp\/v2\/pages\/141\/revisions"}],"predecessor-version":[{"id":3381,"href":"https:\/\/pestalozzi-schule-berlin.de\/index.php?rest_route=\/wp\/v2\/pages\/141\/revisions\/3381"}],"wp:attachment":[{"href":"https:\/\/pestalozzi-schule-berlin.de\/index.php?rest_route=%2Fwp%2Fv2%2Fmedia&parent=141"}],"curies":[{"name":"wp","href":"https:\/\/api.w.org\/{rel}","templated":true}]}}