{"id":159,"date":"2013-05-30T15:41:30","date_gmt":"2013-05-30T14:41:30","guid":{"rendered":"http:\/\/06s01.schulemachtspass.de\/?page_id=159"},"modified":"2023-07-06T09:18:58","modified_gmt":"2023-07-06T08:18:58","slug":"erganzende-betreuung-2","status":"publish","type":"page","link":"https:\/\/pestalozzi-schule-berlin.de\/?page_id=159","title":{"rendered":"Erg\u00e4nzende F\u00f6rderung und Betreuung (eF\u00f6B)"},"content":{"rendered":"\n<h2 class=\"wp-block-heading\">Neuigkeiten<\/h2>\n\n\n<ul class=\"wp-block-latest-posts__list has-dates wp-block-latest-posts\"><\/ul>\n\n\n<h2 class=\"wp-block-heading\">Allgemeines<\/h2>\n\n\n\n<p>Die Offene Ganztagserziehung in der Pestalozzi-Schule findet in der Zeit von 6.00 bis 18.00 Uhr statt und gliedert sich in folgende Bereiche:<br>In der VHG k\u00f6nnen die Kinder verl\u00e4sslich von 7.30 &#8211; 13.30 Uhr in der Schule bleiben. Eine Betreuung innerhalb dieser Zeitspanne ist garantiert, auch wenn kein Unterricht stattfindet. Verpflichtend f\u00fcr Ihr Kind ist nat\u00fcrlich nur die Zeit zwischen Unterrichtsbeginn und Unterrichtsende.<br>Dar\u00fcber hinaus kann die Betreuungszeit bei entsprechendem Bedarf um verschiedene Betreuungsbausteine (&#8222;Module&#8220;) erg\u00e4nzt werden:<\/p>\n\n\n\n<ul class=\"wp-block-list\">\n<li>Fr\u00fchmodul: 6.00 &#8211; 7.30 Uhr<\/li>\n\n\n\n<li>Nachmittagsmodul: 13.30 &#8211; 16.00 Uhr<\/li>\n\n\n\n<li>Sp\u00e4tmodul: 16.00 &#8211; 18.00 Uhr<\/li>\n<\/ul>\n\n\n\n<p>Die Ferienbetreuung auch in den Vormittagsstunden ist darin bereits enthalten.<\/p>\n\n\n\n<p>Als sonderp\u00e4dagogisches F\u00f6rderzentrum mit integrativem Grundschulzweig betreuen wir die Kinder am Nachmittag vier Hortgruppen in denen Sch\u00fcler*innen aus allen Bereichen der Schule vertreten sind. Zwei Gruppen konzentrieren sich dabei auf die Kinder der Schulanfangsphase, k\u00fcmmern sich aber auch um die Kinder der dritten Klassen. In den anderen beiden Gruppen werden Kinder der 3ten und 4ten Integrationsklasse sowie Kinder mit besonderem F\u00f6rderbedarf bis zur 5ten Klasse betreut und gef\u00f6rdert. Die Integrationsgruppen haben ab 13.30 Uhr daher eine Gr\u00f6\u00dfe von 20 Sch\u00fcler*innen.<br>W\u00e4hrend der VHG-Zeit werden in diesen Gruppen, je nach Unterrichtsdauer bis zu 10 Kindern je Gruppe zus\u00e4tzlich betreut.<br>Der Hort der Pestalozzi-Schule ist an vier Wochen im Jahr geschlossen. Au\u00dferhalb der Schlie\u00dfzeiten findet in den R\u00e4umen der Pestalozzi Schule nach Anmeldung eine Ferienbetreuung statt.<\/p>\n\n\n\n<h2 class=\"wp-block-heading\">Das Team<\/h2>\n\n\n\n<p>Unser Erzieherinnenteam besteht z. Zt. aus 7 Erzieherinnen mit einer Ganztagsstelle und drei Erzieherinnen mit einer Dreiviertelstelle, die die Sch\u00fcler*innen sowohl w\u00e4hrend der VHG, als auch in den Nachmittagsgruppen betreuen und f\u00f6rdern. Dar\u00fcber hinaus decken sie die Fr\u00fch- und Sp\u00e4tbetreuung, als auch die Ferienbetreuung ab. Unterst\u00fctzt werden sie dabei von einem koordinierenden Erzieher, der in die Gruppenarbeit am Nachmittag integriert ist. Alle Erzieherinnen haben sonderp\u00e4dagogische Zusatzausbildungen absolviert und \/ oder haben Erfahrungen in der Betreuung und F\u00f6rderung von Kindern mit besonderem F\u00f6rderbedarf.<\/p>\n\n\n\n<h2 class=\"wp-block-heading\">R\u00e4umlichkeiten<\/h2>\n\n\n\n<p>F\u00fcr die Ganztagserziehung stehen den Sch\u00fcler*innen&nbsp;vier Gruppenr\u00e4ume zur Verf\u00fcgung. Das Mittagessen wird vom Vollwert Caterer Luna geliefert und wird f\u00fcr Kinder mit Hortvertrag im Schulbistro serviert. Neben den Gruppenr\u00e4umen stehen f\u00fcr offene Freizeitangebote die R\u00e4ume der Schule, die Lehrk\u00fcche, die Turnhalle und das Au\u00dfenspielgel\u00e4nde zur Verf\u00fcgung.<\/p>\n\n\n\n<h2 class=\"wp-block-heading\">Aufgabenbereich<\/h2>\n\n\n\n<p>Der Schwerpunkt der Hortarbeit liegt in der Fortf\u00fchrung der ganzheitlichen F\u00f6rderung der Sch\u00fcler*innen, ausgehend von deren individuellen F\u00e4higkeiten und Bed\u00fcrfnissen und deren F\u00f6rderschwerpunkten. Besonderen Wert legen wir dabei auf die Entwicklung sozialer Kompetenzen, z.B. durch:<\/p>\n\n\n\n<ul class=\"wp-block-list\">\n<li>Vermittlung friedfertiger Konfliktl\u00f6sungsstrategien in Auseinandersetzungen der Sch\u00fcler*innen untereinander<\/li>\n\n\n\n<li>die F\u00f6rderung der Esskultur und der Tischsitten beim Mittagessen in Gruppen<\/li>\n\n\n\n<li>Erweiterung von Umwelterfahrungen, durch Ausfl\u00fcge und Exkursionen<\/li>\n\n\n\n<li>Vermittlung von sinnvoller Freizeitgestaltung durch entsprechende Spiel-, Sport- und Lernangebote<\/li>\n<\/ul>\n\n\n\n<p>Dar\u00fcber hinaus sind die Erzieherinnen im Offenen Ganztagsbetrieb am Vormittag eingesetzt und arbeiten hier mit den Lehrerinnen und Lehrern folgenden Bereichen zusammen:<\/p>\n\n\n\n<ul class=\"wp-block-list\">\n<li>Rhythmisierung des Unterrichts, durch Spiel-, F\u00f6rder- und Therapieangebote am Vormittag<\/li>\n\n\n\n<li>Spielangebote in den Gro\u00dfen Pausen<\/li>\n\n\n\n<li>Begleitung einzelner Kinder mit gravierenden Lernschwierigkeiten oder besonderen Auff\u00e4lligkeiten im emotional-sozialen Bereich w\u00e4hrend des Unterrichts.<\/li>\n\n\n\n<li>Teilnahme der Erzieherinnen an Schulhilfekonferenzen und Elterngespr\u00e4chen<\/li>\n<\/ul>\n\n\n\n\n\n<p>Hier kann ein<a href=\"https:\/\/pestalozzi-schule-berlin.de\/uploads\/2013\/12\/flyer_hort.pdf\" target=\"_blank\" rel=\"noreferrer noopener\"> Flyer zur eF\u00f6B an der Pestalozzi-Schule<\/a> heruntergeladen werden. <\/p>\n","protected":false},"excerpt":{"rendered":"<p>Neuigkeiten Allgemeines Die Offene Ganztagserziehung in der Pestalozzi-Schule findet in der Zeit von 6.00 bis 18.00 Uhr statt und gliedert sich in folgende Bereiche:In der VHG k\u00f6nnen die Kinder verl\u00e4sslich von 7.30 &#8211; 13.30 Uhr in der Schule bleiben. Eine Betreuung innerhalb dieser Zeitspanne ist garantiert, auch wenn kein Unterricht stattfindet. Verpflichtend f\u00fcr Ihr Kind [&hellip;]<\/p>\n","protected":false},"author":3,"featured_media":0,"parent":0,"menu_order":5,"comment_status":"closed","ping_status":"closed","template":"","meta":{"ngg_post_thumbnail":0,"footnotes":"","_links_to":"","_links_to_target":""},"class_list":["post-159","page","type-page","status-publish","hentry"],"_links":{"self":[{"href":"https:\/\/pestalozzi-schule-berlin.de\/index.php?rest_route=\/wp\/v2\/pages\/159","targetHints":{"allow":["GET"]}}],"collection":[{"href":"https:\/\/pestalozzi-schule-berlin.de\/index.php?rest_route=\/wp\/v2\/pages"}],"about":[{"href":"https:\/\/pestalozzi-schule-berlin.de\/index.php?rest_route=\/wp\/v2\/types\/page"}],"author":[{"embeddable":true,"href":"https:\/\/pestalozzi-schule-berlin.de\/index.php?rest_route=\/wp\/v2\/users\/3"}],"replies":[{"embeddable":true,"href":"https:\/\/pestalozzi-schule-berlin.de\/index.php?rest_route=%2Fwp%2Fv2%2Fcomments&post=159"}],"version-history":[{"count":32,"href":"https:\/\/pestalozzi-schule-berlin.de\/index.php?rest_route=\/wp\/v2\/pages\/159\/revisions"}],"predecessor-version":[{"id":4016,"href":"https:\/\/pestalozzi-schule-berlin.de\/index.php?rest_route=\/wp\/v2\/pages\/159\/revisions\/4016"}],"wp:attachment":[{"href":"https:\/\/pestalozzi-schule-berlin.de\/index.php?rest_route=%2Fwp%2Fv2%2Fmedia&parent=159"}],"curies":[{"name":"wp","href":"https:\/\/api.w.org\/{rel}","templated":true}]}}