{"id":2903,"date":"2017-05-23T13:56:04","date_gmt":"2017-05-23T12:56:04","guid":{"rendered":"http:\/\/pestalozzi-schule-berlin.de\/?page_id=2903"},"modified":"2017-05-23T21:23:56","modified_gmt":"2017-05-23T20:23:56","slug":"die-klassenfahrt-der-gruenen-und-gelben-klasse-schulanfangsphase","status":"publish","type":"page","link":"https:\/\/pestalozzi-schule-berlin.de\/?page_id=2903","title":{"rendered":"Die Klassenfahrt der Gr\u00fcnen und Gelben Klasse (Schulanfangsphase)"},"content":{"rendered":"<p>Am Dienstag, den 2.5. fuhren wir auf Klassenfahrt zum \u00dcdersee ins Naturfreunde-Haus. Trotz k\u00fchlen Temperaturen f\u00fcr Anfang Mai genossen alle die zahlreichen Erlebnisse an der frischen Luft. Am ersten Tag bezogen wir unsere Zimmer, erkundeten das Gel\u00e4nde und spielten Teamspiele mit der Erlebnisp\u00e4dagogin Claudia.<\/p>\n<p>Nach dem Abendbrot trafen wir uns in einem Zimmer zum Vorlesen und konnten danach m\u00fcde in unsere Betten fallen. Am n\u00e4chsten Tag lernten wir den \u00dcdersee kennen. Nach einer kurzen Einf\u00fchrung paddelten wir mit zwei Kanus \u00fcber den See. Hungrig a\u00dfen wir im Anschluss den selbstgebackenen Kuchen, den die Eltern uns mitgegeben haben. Am Nachmittag gingen wir auf eine Wanderung, um den Fr\u00fchling zu entdecken.<\/p>\n<p>Am Lagerfeuer lie\u00dfen wir mit Stockbrot und Gesang den Tag ausklingen. Geweckt wurden wir am Tag unserer Abfahrt von str\u00f6menden Regen. Nach dem Fr\u00fchst\u00fcck lasen wir in der Bibliothek, h\u00f6rten H\u00f6rspiele und bastelten im Aufenthaltsraum. Nach dem Mittagessen stand der Bus vor der T\u00fcr, der uns wieder mit nach Hause nahm.<\/p>\n<p><img loading=\"lazy\" decoding=\"async\" class=\"alignnone wp-image-2898 \" src=\"https:\/\/pestalozzi-schule-berlin.de\/uploads\/2017\/05\/Klassenfahrt-gr\u00fcne-und-gelbe-Klasse-190x300.jpg\" alt=\"Klassenfahrtsbilder\" width=\"685\" height=\"1082\" srcset=\"https:\/\/pestalozzi-schule-berlin.de\/uploads\/2017\/05\/Klassenfahrt-gr\u00fcne-und-gelbe-Klasse-190x300.jpg 190w, https:\/\/pestalozzi-schule-berlin.de\/uploads\/2017\/05\/Klassenfahrt-gr\u00fcne-und-gelbe-Klasse-768x1214.jpg 768w, https:\/\/pestalozzi-schule-berlin.de\/uploads\/2017\/05\/Klassenfahrt-gr\u00fcne-und-gelbe-Klasse-648x1024.jpg 648w, https:\/\/pestalozzi-schule-berlin.de\/uploads\/2017\/05\/Klassenfahrt-gr\u00fcne-und-gelbe-Klasse.jpg 1377w\" sizes=\"auto, (max-width: 685px) 100vw, 685px\" \/><\/p>\n","protected":false},"excerpt":{"rendered":"<p>Am Dienstag, den 2.5. fuhren wir auf Klassenfahrt zum \u00dcdersee ins Naturfreunde-Haus. Trotz k\u00fchlen Temperaturen f\u00fcr Anfang Mai genossen alle die zahlreichen Erlebnisse an der frischen Luft. Am ersten Tag bezogen wir unsere Zimmer, erkundeten das Gel\u00e4nde und spielten Teamspiele mit der Erlebnisp\u00e4dagogin Claudia. Nach dem Abendbrot trafen wir uns in einem Zimmer zum Vorlesen [&hellip;]<\/p>\n","protected":false},"author":3,"featured_media":0,"parent":18,"menu_order":0,"comment_status":"closed","ping_status":"closed","template":"","meta":{"ngg_post_thumbnail":0,"footnotes":"","_links_to":"","_links_to_target":""},"class_list":["post-2903","page","type-page","status-publish","hentry"],"_links":{"self":[{"href":"https:\/\/pestalozzi-schule-berlin.de\/index.php?rest_route=\/wp\/v2\/pages\/2903","targetHints":{"allow":["GET"]}}],"collection":[{"href":"https:\/\/pestalozzi-schule-berlin.de\/index.php?rest_route=\/wp\/v2\/pages"}],"about":[{"href":"https:\/\/pestalozzi-schule-berlin.de\/index.php?rest_route=\/wp\/v2\/types\/page"}],"author":[{"embeddable":true,"href":"https:\/\/pestalozzi-schule-berlin.de\/index.php?rest_route=\/wp\/v2\/users\/3"}],"replies":[{"embeddable":true,"href":"https:\/\/pestalozzi-schule-berlin.de\/index.php?rest_route=%2Fwp%2Fv2%2Fcomments&post=2903"}],"version-history":[{"count":2,"href":"https:\/\/pestalozzi-schule-berlin.de\/index.php?rest_route=\/wp\/v2\/pages\/2903\/revisions"}],"predecessor-version":[{"id":2907,"href":"https:\/\/pestalozzi-schule-berlin.de\/index.php?rest_route=\/wp\/v2\/pages\/2903\/revisions\/2907"}],"up":[{"embeddable":true,"href":"https:\/\/pestalozzi-schule-berlin.de\/index.php?rest_route=\/wp\/v2\/pages\/18"}],"wp:attachment":[{"href":"https:\/\/pestalozzi-schule-berlin.de\/index.php?rest_route=%2Fwp%2Fv2%2Fmedia&parent=2903"}],"curies":[{"name":"wp","href":"https:\/\/api.w.org\/{rel}","templated":true}]}}